me factors of 751?
751
What are the prime factors of 2488?
2, 311
List the prime factors of 1002.
2, 3, 167
List the prime factors of 308.
2, 7, 11
What are the prime factors of 88309?
13, 6793
What are the prime factors of 86?
2, 43
List the prime factors of 121235.
5, 24247
What are the prime factors of 19?
19
What are the prime factors of 2827?
11, 257
List the prime factors of 5451.
3, 23, 79
List the prime factors of 965.
5, 193
What are the prime factors of 1252?
2, 313
What are the prime factors of 12651?
3, 4217
What are the prime factors of 262?
2, 131
What are the prime factors of 747?
3, 83
List the prime factors of 881.
881
What are the prime factors of 882?
2, 3, 7
What are the prime factors of 115?
5, 23
List the prime factors of 1151.
1151
What are the prime factors of 17128?
2, 2141
List the prime factors of 88965.
3, 5, 659
What are the prime factors of 64037?
64037
What are the prime factors of 9491?
9491
What are the prime factors of 149434?
2, 74717
What are the prime factors of 29078?
2, 7, 31, 67
List the prime factors of 3329.
3329
List the prime factors of 17661.
3, 7, 29
What are the prime factors of 26012?
2, 7, 929
List the prime factors of 401.
401
What are the prime factors of 5765?
5, 1153
What are the prime factors of 1659?
3, 7, 79
List the prime factors of 11243.
11243
List the prime factors of 154658.
2, 7, 11047
List the prime factors of 853.
853
What are the prime factors of 2526?
2, 3, 421
List the prime factors of 3752.
2, 7, 67
List the prime factors of 8327.
11, 757
List the prime factors of 20105.
5, 4021
What are the prime factors of 71959?
227, 317
List the prime factors of 36008.
2, 7, 643
What are the prime factors of 720?
2, 3, 5
What are the prime factors of 1023?
3, 11, 31
What are the prime factors of 5165?
5, 1033
What are the prime factors of 9668?
2, 2417
What are the prime factors of 620?
2, 5, 31
List the prime factors of 88081.
7, 12583
What are the prime factors of 337?
337
List the prime factors of 2762.
2, 1381
List the prime factors of 3419.
13, 263
List the prime factors of 42114.
2, 3, 7019
List the prime factors of 11555.
5, 2311
List the prime factors of 17499.
3, 19, 307
List the prime factors of 4204.
2, 1051
List the prime factors of 13477.
13477
List the prime factors of 33894.
2, 3, 7, 269
List the prime factors of 20171.
23, 877
What are the prime factors of 60521?
60521
List the prime factors of 1280.
2, 5
What are the prime factors of 19831?
7, 2833
List the prime factors of 74002.
2, 163, 227
List the prime factors of 2663.
2663
List the prime factors of 17190.
2, 3, 5, 191
What are the prime factors of 4484?
2, 19, 59
What are the prime factors of 2607?
3, 11, 79
What are the prime factors of 1669?
1669
What are the prime factors of 52?
2, 13
What are the prime factors of 481?
13, 37
What are the prime factors of 39046?
2, 7, 2789
List the prime factors of 26526.
2, 3, 4421
List the prime factors of 89110.
2, 5, 7, 19, 67
List the prime factors of 1831.
1831
What are the prime factors of 2211?
3, 11, 67
What are the prime factors of 264?
2, 3, 11
What are the prime factors of 8554?
2, 7, 13, 47
List the prime factors of 4837.
7, 691
List the prime factors of 3725.
5, 149
What are the prime factors of 2494?
2, 29, 43
List the prime factors of 12664.
2, 1583
List the prime factors of 1232.
2, 7, 11
What are the prime factors of 71251?
43, 1657
What are the prime factors of 13803?
3, 43, 107
What are the prime factors of 275?
5, 11
List the prime factors of 4464.
2, 3, 31
List the prime factors of 66870.
2, 3, 5, 743
List the prime factors of 587.
587
What are the prime factors of 70582?
2, 35291
What are the prime factors of 10743?
3, 3581
List the prime factors of 1595.
5, 11, 29
What are the prime factors of 3853?
3853
What are the prime factors of 66576?
2, 3, 19, 73
List the prime factors of 162.
2, 3
List the prime factors of 861.
3, 7, 41
What are the prime factors of 40228?
2, 89, 113
List the prime factors of 259.
7, 37
What are the prime factors of 2459?
2459
What are the prime factors of 9426?
2, 3, 1571
What are the prime factors of 647?
647
What are the prime factors of 635?
5, 127
List the prime factors of 193073.
193073
List the prime factors of 21970.
2, 5, 13
List the prime factors of 91749.
3, 7, 17, 257
What are the prime factors of 7581?
3, 7, 19
List the prime factors of 20319.
3, 13, 521
List the prime factors of 85269.
3, 43, 661
List the prime factors of 256.
2
List the prime factors of 1561.
7, 223
List the prime factors of 58231.
58231
List the prime factors of 4272.
2, 3, 89
What are the prime factors of 452?
2, 113
List the prime factors of 3407.
3407
List the prime factors of 22844.
2, 5711
What are the prime factors of 1092?
2, 3, 7, 13
List the prime factors of 18900.
2, 3, 5, 7
List the prime factors of 548.
2, 137
What are the prime factors of 50687?
7, 13, 557
What are the prime factors of 487?
487
What are the prime factors of 5609?
71, 79
List the prime factors of 857.
857
List the prime factors of 8472.
2, 3, 353
What are the prime factors of 3192?
2, 3, 7, 19
List the prime factors of 29463.
3, 7, 23, 61
List the prime factors of 26864.
2, 23, 73
What are the prime factors of 4609?
11, 419
What are the prime factors of 1480?
2, 5, 37
List the prime factors of 5758.
2, 2879
List the prime factors of 84.
2, 3, 7
What are the prime factors of 4018?
2, 7, 41
What are the prime factors of 2026?
2, 1013
What are the prime factors of 111225?
3, 5, 1483
List the prime factors of 5012.
2, 7, 179
What are the prime factors of 24138?
2, 3, 149
List the prime factors of 2624.
2, 41
What are the prime factors of 11875?
5, 19
List the prime factors of 17609.
17609
List the prime factors of 50132.
2, 83, 151
List the prime factors of 15434.
2, 7717
List the prime factors of 105.
3, 5, 7
What are the prime factors of 3074?
2, 29, 53
What are the prime factors of 25499?
43, 593
What are the prime factors of 1352?
2, 13
List the prime factors of 15533.
7, 317
What are the prime factors of 120218?
2, 7, 31, 277
What are the prime factors of 4084?
2, 1021
What are the prime factors of 78734?
2, 39367
List the prime factors of 18561.
3, 23, 269
List the prime factors of 3979.
23, 173
What are the prime factors of 728?
2, 7, 13
What are the prime factors of 2137?
2137
What are the prime factors of 3522?
2, 3, 587
What are the prime factors of 2282?
2, 7, 163
What are the prime factors of 362?
2, 181
List the prime factors of 58951.
167, 353
List the prime factors of 41869.
149, 281
List the prime factors of 1259.
1259
List the prime factors of 13899.
3, 41, 113
List the prime factors of 15774.
2, 3, 11, 239
What are the prime factors of 992?
2, 31
List the prime factors of 12251.
12251
List the prime factors of 23109.
3, 7703
What are the prime factors of 749?
7, 107
What are the prime factors of 4954?
2, 2477
What are the prime factors of 823?
823
What are the prime factors of 523?
523
What are the prime factors of 31265?
5, 13, 37
List the prime factors of 573.
3, 191
List the prime factors of 1103.
1103
What are the prime factors of 1549?
1549
What are the prime factors of 295?
5, 59
What are the prime factors of 2680?
2, 5, 67
List the prime factors of 4095.
3, 5, 7, 13
What are the prime factors of 128905?
5, 7, 29, 127
What are the prime factors of 683?
683
List the prime factors of 446.
2, 223
What are the prime factors of 2110?
2, 5, 211
List the prime factors of 1751.
17, 103
What are the prime factors of 1818?
2, 3, 101
What are the prime factors of 1568?
2, 7
What are the prime factors of 496?
2, 31
What are the prime factors of 5867?
5867
List the prime factors of 1493.
1493
What are the prime factors of 11644?
2, 41, 71
List the prime factors of 15260.
2, 5, 7, 109
What are the prime factors of 5553?
3, 617
List the prime factors of 3067.
3067
List the prime factors of 63281.
63281
What are the prime factors of 9301?
71, 131
List the prime factors of 19797.
3, 6599
What are the prime factors of 6898?
2, 3449
List the prime factors of 48086.
2, 24043
List the prime factors of 8523.
3, 947
List the prime factors of 629.
17, 37
What are the prime factors of 52?
2, 13
What are the prime factors of 51383?
51383
List the prime factors of 89.
89
Wh